it of 1361678?
6
What is the hundred thousands digit of 4027569?
0
What is the thousands digit of 209654?
9
What is the hundreds digit of 92800?
8
What is the ten thousands digit of 982012?
8
What is the hundreds digit of 35280?
2
What is the tens digit of 496478?
7
What is the tens digit of 11828646?
4
What is the ten thousands digit of 3610496?
1
What is the hundreds digit of 335058?
0
What is the thousands digit of 8336104?
6
What is the units digit of 458620?
0
What is the tens digit of 474086?
8
What is the hundred thousands digit of 5598312?
5
What is the units digit of 78189?
9
What is the units digit of 1291865?
5
What is the ten thousands digit of 78075?
7
What is the ten thousands digit of 4990172?
9
What is the ten thousands digit of 18380024?
8
What is the millions digit of 6369834?
6
What is the tens digit of 183993?
9
What is the ten thousands digit of 1136759?
3
What is the units digit of 3391629?
9
What is the hundred thousands digit of 944042?
9
What is the thousands digit of 34294428?
4
What is the hundred thousands digit of 10074229?
0
What is the ten thousands digit of 31496974?
9
What is the hundred thousands digit of 112475?
1
What is the hundred thousands digit of 266558?
2
What is the ten thousands digit of 10547583?
4
What is the tens digit of 262929?
2
What is the hundreds digit of 14630705?
7
What is the ten thousands digit of 229386?
2
What is the thousands digit of 585623?
5
What is the thousands digit of 888272?
8
What is the hundreds digit of 108556?
5
What is the thousands digit of 5224113?
4
What is the thousands digit of 675476?
5
What is the tens digit of 428958?
5
What is the tens digit of 4093713?
1
What is the units digit of 19010297?
7
What is the hundred thousands digit of 205633?
2
What is the hundred thousands digit of 1635406?
6
What is the thousands digit of 242885?
2
What is the tens digit of 119240?
4
What is the ten thousands digit of 121335?
2
What is the ten thousands digit of 1270435?
7
What is the ten thousands digit of 1338079?
3
What is the units digit of 8692256?
6
What is the ten thousands digit of 638128?
3
What is the hundreds digit of 991817?
8
What is the tens digit of 4151624?
2
What is the millions digit of 4530267?
4
What is the ten thousands digit of 838514?
3
What is the units digit of 272820?
0
What is the units digit of 4805334?
4
What is the ten thousands digit of 2093297?
9
What is the units digit of 275443?
3
What is the hundred thousands digit of 165795?
1
What is the hundreds digit of 289806?
8
What is the thousands digit of 47920?
7
What is the ten thousands digit of 117451?
1
What is the units digit of 12193112?
2
What is the ten thousands digit of 1909804?
0
What is the units digit of 241549?
9
What is the ten thousands digit of 511063?
1
What is the thousands digit of 405290?
5
What is the units digit of 498027?
7
What is the units digit of 6979289?
9
What is the units digit of 1584490?
0
What is the thousands digit of 25810941?
0
What is the units digit of 198362?
2
What is the hundred thousands digit of 4336352?
3
What is the millions digit of 2473245?
2
What is the tens digit of 180364?
6
What is the ten thousands digit of 753466?
5
What is the millions digit of 2490263?
2
What is the thousands digit of 9492508?
2
What is the units digit of 13286837?
7
What is the tens digit of 65851?
5
What is the tens digit of 1617384?
8
What is the hundreds digit of 33165?
1
What is the ten thousands digit of 358244?
5
What is the hundreds digit of 14827353?
3
What is the units digit of 2381760?
0
What is the tens digit of 5911801?
0
What is the tens digit of 17456808?
0
What is the millions digit of 2088495?
2
What is the hundred thousands digit of 2466887?
4
What is the thousands digit of 6043594?
3
What is the units digit of 1865?
5
What is the hundred thousands digit of 6262684?
2
What is the hundred thousands digit of 5408230?
4
What is the hundreds digit of 16958757?
7
What is the ten thousands digit of 179585?
7
What is the tens digit of 3846543?
4
What is the tens digit of 375676?
7
What is the hundred thousands digit of 664513?
6
What is the units digit of 327248?
8
What is the units digit of 636941?
1
What is the thousands digit of 818757?
8
What is the thousands digit of 466082?
6
What is the hundred thousands digit of 19138780?
1
What is the thousands digit of 57819?
7
What is the tens digit of 2749884?
8
What is the ten thousands digit of 1772125?
7
What is the millions digit of 9346084?
9
What is the units digit of 671597?
7
What is the ten thousands digit of 248745?
4
What is the units digit of 617078?
8
What is the thousands digit of 5476956?
6
What is the hundred thousands digit of 3605470?
6
What is the units digit of 4644910?
0
What is the ten millions digit of 31302149?
3
What is the hundreds digit of 2026103?
1
What is the units digit of 381833?
3
What is the thousands digit of 599574?
9
What is the hundreds digit of 4550170?
1
What is the units digit of 5656?
6
What is the hundreds digit of 7131956?
9
What is the tens digit of 2328088?
8
What is the ten thousands digit of 378940?
7
What is the units digit of 6888253?
3
What is the millions digit of 2926269?
2
What is the ten thousands digit of 3630703?
3
What is the ten thousands digit of 206323?
0
What is the units digit of 1138502?
2
What is the thousands digit of 1506354?
6
What is the units digit of 6031263?
3
What is the ten thousands digit of 26632781?
3
What is the millions digit of 11954897?
1
What is the hundreds digit of 13761816?
8
What is the tens digit of 30432?
3
What is the ten thousands digit of 9861639?
6
What is the ten thousands digit of 253761?
5
What is the hundreds digit of 541513?
5
What is the tens digit of 5807951?
5
What is the hundred thousands digit of 2570675?
5
What is the thousands digit of 1182509?
2
What is the thousands digit of 2863206?
3
What is the hundred thousands digit of 13532031?
5
What is the units digit of 328085?
5
What is the units digit of 7353742?
2
What is the thousands digit of 912676?
2
What is the hundreds digit of 8415?
4
What is the thousands digit of 345322?
5
What is the tens digit of 56748?
4
What is the units digit of 1746119?
9
What is the thousands digit of 819312?
9
What is the hundreds digit of 1023414?
4
What is the hundred thousands digit of 2771504?
7
What is the hundreds digit of 198154?
1
What is the units digit of 1030496?
6
What is the ten thousands digit of 334137?
3
What is the ten thousands digit of 15104922?
0
What is the millions digit of 13051577?
3
What is the thousands digit of 353058?
3
What is the ten thousands digit of 139918?
3
What is the thousands digit of 148781?
8
What is the hundred thousands digit of 1305544?
3
What is the hundred thousands digit of 1140304?
1
What is the tens digit of 246933?
3
What is the hundreds digit of 5201468?
4
What is the hundred thousands digit of 2063346?
0
What is the tens digit of 193790?
9
What is the ten thousands digit of 14775037?
7
What is the hundred thousands digit of 113987?
1
What is the ten thousands digit of 120413?
2
What is the millions digit of 3740498?
3
What is the hundred thousands digit of 5754761?
7
What is the hundred thousands digit of 601729?
6
What is the millions digit of 8036952?
8
What is the ten thousands digit of 270545?
7
What is the tens digit of 416783?
8
What is the units digit of 132167?
7
What is the tens digit of 1735299?
9
What is the tens digit of 4332031?
3
What is the tens digit of 1210078?
7
What is the units digit of 713072?
2
What is the hundred thousands digit of 239934?
2
What is the tens digit of 299068?
6
What is the tens digit of 234638?
3
What is the thousands digit of 243455?
3
What is the hundreds digit of 273851?
8
What is the hundreds digit of 183903?
9
What is the hundred thousands digit of 793548?
7
What is the ten thousands digit of 336307?
3
What is the hundreds digit of 2736618?
6
What is the units digit of 1997083?
3
What is the units digit of 1453281?
1
What is the thousands digit of 472178?
2
What is the thousands digit of 275769?
5
What is the hundreds digit of 11906127?
1
What is the tens digit of 748699?
9
What is the tens digit of 38269824?
2
What is the thousands digit of 15124121?
4
What is the hundreds digit of 162535?
5
Wh